e tens digit of g?
5
Let n = -1502 + 3108. What is the units digit of n?
6
Let h = -39 - -119. Suppose -h*o - 155 = -85*o. What is the tens digit of o?
3
Let d(k) = -k**2 - 3*k + 73. Let m be d(7). Let w(i) = i**2 - 7. Let t(p) = 1. Let x(r) = 6*t(r) + w(r). What is the units digit of x(m)?
8
Let z = 11 - 75. Let b = -36 + z. Let p = -59 - b. What is the tens digit of p?
4
Let k = -179 - -353. What is the hundreds digit of k?
1
Let y(d) = d**3 + 4*d**2 + 8*d + 30. What is the hundreds digit of y(13)?
0
Let a be (-98)/(-21) + 1/3. Suppose k = g + 7, -g = -6*g - a. Let c = -5 + k. What is the units digit of c?
1
Suppose 735 = -4*k - 2*z + 3533, -5*k + 4*z = -3478. What is the tens digit of k?
9
Let t(c) = -2*c + 1. Let x be t(-1). Suppose -3*d + x = 0, -25 = -o - 5*d + 21. What is the tens digit of o?
4
What is the units digit of (-192)/18*(-261)/2?
2
Let g = -13 - -20. Suppose 0 = m - 17 - g. Suppose -q + m = -28. What is the tens digit of q?
5
Suppose -3*y = 15, -l - 3*y = -14 - 7. Suppose t - 2*f - l = 0, -3*f - 11 = -2. What is the units digit of t?
0
Suppose -n + 3*f = -2*n - 13, -5*n + 4*f = -30. Let i be 137/n - (-4)/(-8). Suppose 2*u - 5*a = 64, -7*a + 3*a = -2*u + i. What is the units digit of u?
2
Suppose -2088 = -15*n + 9*n. What is the hundreds digit of n?
3
Let l = -7 + 13. Suppose l*n - 216 = 3*n. What is the tens digit of n?
7
Suppose -681 = -2*r - 3*a, 6 = 5*a + 31. What is the tens digit of r?
4
Let s = 186 + -93. What is the units digit of s?
3
Let j be (-1 + 367)*(0 - (-1)/(-1)). Let c = -251 - j. What is the units digit of c?
5
Suppose 550 = 10*t - 0*t. What is the tens digit of t?
5
What is the tens digit of (-200)/40 - 2296/(-2) - -5?
4
Suppose 9*c - 179 = 10. What is the units digit of c?
1
What is the tens digit of (-9 - -4 - -5) + 415 + 2?
1
Let p(i) = i**3 + 18*i**2 + 4*i - 4. Let v be p(-17). Let z = v - 151. Suppose z = -0*t + 2*t. What is the tens digit of t?
3
Suppose -4*t + 20 = 0, 3*m - 4*t = 413 + 287. What is the units digit of m/72*39/2?
5
Let t be 76/10 + 15/(-25). Suppose -c = -0*b + 2*b - 2, 3*b = -4*c - t. What is the units digit of 2/b*(9 + 9)?
2
Suppose 2*j + 11526 = 19*j. What is the hundreds digit of j?
6
Suppose 0 = 2*h - 228 - 178. Suppose -11*d + q = -13*d + 1, q = 3*d - 9. Suppose 5*p = w - 45, 2*w + d*p - h = -w. What is the units digit of w?
5
Let v = 41 + -21. Let j = v - -11. What is the units digit of j?
1
Let p = 77 + -39. Let b = 20 - p. Let o = b + 41. What is the units digit of o?
3
Suppose -2*k - 5*q = -15 - 3, -2*q - 46 = -3*k. Suppose 0 = -5*y - 0*n + n - 94, -n = y + k. Let f = y + 66. What is the tens digit of f?
4
Suppose 50 = -w - 4*w. Let f = 2 + w. What is the units digit of 4/f + (-260)/(-8)?
2
Let x(u) = -63*u + 19. What is the thousands digit of x(-21)?
1
Let g be (-20)/(-30) + ((-14)/(-6) - 1). Let v(k) = -k**3 - k**2. Let w be v(-2). Let s = g + w. What is the units digit of s?
6
Let t = 46 + -49. Let b(g) = g**3 + 2*g**2 - 4*g. What is the units digit of b(t)?
3
Suppose -4*k = 52 + 8. Let a(d) = -10*d - 61. What is the units digit of a(k)?
9
Suppose 0 = a - 0*a - 3*g + 66, -5*a = 5*g + 230. Let l = -16 - a. What is the tens digit of l?
3
Suppose -3*r - 3*u + 4839 = 0, 3*u + 5167 - 334 = 3*r. What is the thousands digit of r?
1
Suppose 3*g - 3651 - 217 = 4*u, -3*u = g - 1298. What is the hundreds digit of g?
2
Let a(w) = -2*w. Let z be a(-7). Let f = -10 + z. Suppose m - f*r - 1 = 0, 0 = 4*m + 3*r - 6*r - 56. What is the units digit of m?
7
Suppose -4*l - 2553 = -7*l - 3*w, 836 = l - 4*w. What is the hundreds digit of l?
8
What is the units digit of 5144/6 + 104/156?
8
Suppose 2*v - 3*s = 63 + 41, -206 = -4*v + 5*s. What is the tens digit of (-51)/17*v/(-3)?
4
Let v = -287 + 512. Let w = v - 137. What is the tens digit of w?
8
Suppose 1063*g = 1089*g - 127478. What is the thousands digit of g?
4
Let i(y) = -3*y**3 - y**2 + 2*y + 4. Suppose 5 + 9 = -7*q. What is the tens digit of i(q)?
2
Let s(j) = j**2 - 7*j + 6. Let o be s(8). Let c = o - 10. Suppose -c*u + 163 + 149 = 0. What is the units digit of u?
8
Let x be 8/36 + ((-169)/(-9) - -1). Suppose -24*t + x*t + 176 = 0. What is the tens digit of t?
4
Suppose 12 = 3*h - 0. Suppose -3*b + 97 = z, b + 139 = 2*z - h*b. What is the units digit of z?
2
Let u(p) = -p**3 + 10*p**2 - 7*p + 12. Let m be u(9). Suppose -m = -2*t - 24. What is the units digit of t?
3
Let h(n) = -11*n + 7. Let w be h(-5). Let v be (1 - -9)*8/20 + -31. Let a = w + v. What is the tens digit of a?
3
Let p = 44 + -39. Suppose -g - 4*g = 25, -q + p*g = -33. What is the units digit of q?
8
What is the thousands digit of 294060/117 + 4/6?
2
Suppose 0 = 13*q + 1328 - 15082. What is the units digit of q?
8
Let c = -33 + 32. What is the tens digit of (-90 + 2)*c/2?
4
Let g = 134 + -94. Suppose -5*d - 2*t + 60 = -0*t, 3*d = -2*t + g. What is the units digit of 60/25 + 6/d?
3
Let b(k) = 12*k**2 + k - 1. Let z be (-36)/(-28) - 4/14. Let x be b(z). Suppose 0 = -0*r + 3*r + x, -a = -r - 9. What is the units digit of a?
5
Let o = 11 - 8. Suppose -4*g + 5*x = -19, g + x = -o*g + 25. Let u(c) = 2*c + 8. What is the units digit of u(g)?
0
Let c(v) = v**3 - 9*v**2 + 3*v - 15. Let i be c(9). Suppose -4*x + 84 - i = 0. What is the units digit of x?
8
Let v(c) = c**3 + 310. What is the units digit of v(0)?
0
Let x(f) = 31*f**2 + 6*f + 1. What is the units digit of x(4)?
1
Let d be -3 + 0 + (-5 + 4)*-99. Suppose -4*w + 6*w = 64. Suppose d - w = 4*v. What is the units digit of v?
6
Suppose 5*x - 40 = p - 6*p, -x = -3*p + 12. Suppose 7*h - x*h = 412. Let y = -72 + h. What is the tens digit of y?
3
Suppose 11*k = 8*k + 12. Suppose 4*j - 285 = -5*b, k*b - 51 - 188 = -j. What is the units digit of b?
1
What is the units digit of (-50)/(-450) + (-376)/(-18)?
1
Let g(a) = -2*a + 240. Let v be g(0). Let n(c) = -3*c**3 + c**2 - 1. Let b be n(-1). What is the tens digit of b/(-2)*v/(-9)?
4
What is the units digit of -5 + (-56)/(-12) - (-949)/3?
6
Let m(a) = 3*a + 15. Let d be m(-4). Suppose 3*b - 498 = -d*b. What is the tens digit of b?
8
Let j = 6977 - 4507. What is the units digit of j?
0
Suppose 0 = 5*r - 5*n - 25, 2*r + 2*n = -1 - 1. Suppose x - 2*y + 4*y - 48 = 0, r*x - 5*y - 51 = 0. What is the units digit of x?
8
Let a = 947 - 542. What is the tens digit of a?
0
Let l(j) = 2*j**3 - 10*j**2 - 41*j - 28. What is the units digit of l(10)?
2
Suppose -99*q + 72040 + 278618 = 0. What is the hundreds digit of q?
5
Suppose -j = 2, -3*n = -6*n + 3*j + 12240. What is the thousands digit of n?
4
What is the hundreds digit of 19/((-95)/(-1822))*5?
8
Let i(s) = 7*s + 1. Let o be i(-2). Let w = -160 - -175. Let x = o + w. What is the units digit of x?
2
Suppose 6*z = 5*z. Suppose 5*r - 60 = 115. Suppose z*u - r = -u. What is the tens digit of u?
3
Let k be ((-4)/(2 - -6))/(1/(-4)). Suppose 4*b - 234 = -2*a, -k*a = -3*b + 2*b + 71. What is the tens digit of b?
6
What is the tens digit of 7*((-837)/(-21))/9?
3
Let g(m) = 4*m**2 + 45*m - 46. What is the hundreds digit of g(-19)?
5
Let l(f) = -3*f - 12. Let g be l(-9). Suppose 9*m - g = 4*m, -5*p = -5*m - 260. What is the tens digit of p?
5
Let d(z) = 3*z**2 + 7*z + 11. Let x(y) = -2*y**2 - 7*y - 11. Let r(m) = 3*d(m) + 4*x(m). What is the units digit of r(-6)?
7
Suppose 8*w + 6*w = 4676. Let m = w + -85. What is the units digit of m?
9
Let x(r) = 10*r**2 + 21*r + 19. What is the tens digit of x(-12)?
0
What is the hundreds digit of 933/(3 + 0) - 1?
3
Suppose 1938 = 13*n - 8319. What is the units digit of n?
9
Let o(x) = -x**3 - 15*x**2 - 13*x + 14. Let s be o(-14). Suppose 5*n + s = 5*t + 55, 4*t - 33 = -3*n. What is the units digit of n?
1
Let p(c) = -43*c**3 - c**2. Suppose 3*r = -9 + 6. What is the units digit of p(r)?
2
Let p = 608 - 90. What is the hundreds digit of p?
5
Suppose -2*o + 37 + 255 = 0. Suppose y - 6*y + o = 4*x, -x + 3*y + 28 = 0. What is the tens digit of x?
3
Let b(j) = -30*j - 866. What is the units digit of b(-54)?
4
Let z = 257 + -66. Let p = z - 66. What is the tens digit of 2/(-3) - p/(-3)?
4
What is the units digit of 6/(6/2) + 183 + 4?
9
Let f(y) be the second derivative of y**3/6 + y. Let c be f(0). Suppose c = 2*x + 2*x - 80. What is the units digit of x?
0
Suppose 2*t = -3*s - 26, -2*s = 5*t - 15 + 47. Let z(u) = u